actors of 109439511?
3, 313, 116549
What are the prime factors of 461727753?
3, 67, 2297153
List the prime factors of 426870412.
2, 3137, 34019
What are the prime factors of 220259840?
2, 5, 97, 887
What are the prime factors of 260319199?
7, 53, 701669
List the prime factors of 3985753276.
2, 53, 139, 135257
What are the prime factors of 270388390?
2, 5, 103, 262513
What are the prime factors of 158393706?
2, 3, 3929, 6719
What are the prime factors of 51909681?
3, 29, 596663
List the prime factors of 9542093.
11, 867463
What are the prime factors of 89607747?
3, 23, 37, 35099
List the prime factors of 835979457.
3, 278659819
What are the prime factors of 206854813?
11, 53, 269, 1319
List the prime factors of 128834830.
2, 5, 173, 74471
List the prime factors of 176619965.
5, 35323993
List the prime factors of 154783190.
2, 5, 15478319
List the prime factors of 32879124.
2, 3, 913309
What are the prime factors of 65770165?
5, 13154033
What are the prime factors of 4509895262?
2, 293, 643, 11969
List the prime factors of 3947300.
2, 5, 7, 5639
What are the prime factors of 857417551?
857417551
List the prime factors of 244538613.
3, 11, 1459, 1693
List the prime factors of 55913655.
3, 5, 7, 127, 599
List the prime factors of 17203842.
2, 3, 955769
What are the prime factors of 3173889462?
2, 3, 23, 22999199
What are the prime factors of 247044246?
2, 3, 193, 213337
List the prime factors of 39707473.
13, 19, 8461
What are the prime factors of 50831980?
2, 5, 2541599
List the prime factors of 396401587.
396401587
List the prime factors of 3279977558.
2, 11, 13, 281, 40813
List the prime factors of 288702705.
3, 5, 19246847
List the prime factors of 576738812.
2, 13, 193, 57467
List the prime factors of 346592838.
2, 3, 17, 37, 91837
List the prime factors of 196094985.
3, 5, 79, 127, 1303
List the prime factors of 346934238.
2, 3, 7, 8260339
List the prime factors of 183538023.
3, 1021, 59921
List the prime factors of 3838464094.
2, 19, 593, 170341
List the prime factors of 11265056.
2, 11, 32003
What are the prime factors of 3537122342?
2, 13, 10464859
List the prime factors of 16186345.
5, 7, 462467
List the prime factors of 124594423.
197, 632459
What are the prime factors of 420253681?
67, 1039, 6037
What are the prime factors of 837470840?
2, 5, 97, 215843
What are the prime factors of 2612892999?
3, 870964333
List the prime factors of 253226953.
7, 239, 3089
List the prime factors of 981992469.
3, 37, 8846779
What are the prime factors of 205885537?
11, 13, 1439759
What are the prime factors of 365181849?
3, 40575761
List the prime factors of 4677462146.
2, 7, 347, 962837
List the prime factors of 7120942.
2, 3560471
List the prime factors of 35080634.
2, 2237, 7841
List the prime factors of 284119314.
2, 3, 47353219
List the prime factors of 449976269.
1187, 379087
What are the prime factors of 1953312497?
103, 191, 99289
What are the prime factors of 2052809529?
3, 684269843
List the prime factors of 77515104.
2, 3, 17, 47497
What are the prime factors of 11517615?
3, 5, 255947
List the prime factors of 1425906597.
3, 23, 29, 31, 127, 181
List the prime factors of 42635819.
31, 59, 23311
List the prime factors of 1643122380.
2, 3, 5, 1637, 16729
List the prime factors of 634306269.
3, 373, 566851
List the prime factors of 175910956.
2, 13, 347, 9749
What are the prime factors of 11861376?
2, 3, 17, 23, 79
What are the prime factors of 850608326?
2, 79, 97, 55501
What are the prime factors of 5998923955?
5, 1199784791
List the prime factors of 89753617.
89753617
List the prime factors of 20446235.
5, 1019, 4013
What are the prime factors of 2081094787?
59, 2311, 15263
List the prime factors of 55783797.
3, 137, 135727
What are the prime factors of 661812245?
5, 132362449
List the prime factors of 2216162179.
7, 11, 2357, 12211
List the prime factors of 1734017380.
2, 5, 23, 71, 53093
List the prime factors of 375239224.
2, 46904903
List the prime factors of 414881734.
2, 103, 2013989
List the prime factors of 19034708.
2, 7, 11, 23, 2687
What are the prime factors of 70429778?
2, 35214889
List the prime factors of 1070562436.
2, 267640609
List the prime factors of 509373273.
3, 169791091
List the prime factors of 213415846.
2, 7, 421, 36209
What are the prime factors of 714316893?
3, 29, 61, 281, 479
List the prime factors of 90273289.
149, 605861
What are the prime factors of 9110204?
2, 2277551
What are the prime factors of 11913259?
11913259
List the prime factors of 607445505.
3, 5, 797, 16937
List the prime factors of 1035840467.
971, 1066777
List the prime factors of 574396359.
3, 29, 6602257
What are the prime factors of 23994140?
2, 5, 17, 70571
What are the prime factors of 208362663?
3, 53, 436819
What are the prime factors of 33383543?
33383543
List the prime factors of 2290279632.
2, 3, 47714159
List the prime factors of 538334853.
3, 7, 2953, 8681
List the prime factors of 454920176.
2, 28432511
What are the prime factors of 35373600?
2, 3, 5, 17
List the prime factors of 138564081.
3, 1153, 4451
What are the prime factors of 7693779600?
2, 3, 5, 13, 54799
List the prime factors of 3575820.
2, 3, 5, 61, 977
List the prime factors of 24100929.
3, 892627
What are the prime factors of 638362216?
2, 233, 342469
What are the prime factors of 257414836?
2, 7, 109, 12049
List the prime factors of 29245955.
5, 5849191
List the prime factors of 191302599.
3, 53, 1203161
List the prime factors of 60426580.
2, 5, 347, 8707
List the prime factors of 303518905.
5, 401, 151381
List the prime factors of 2108162264.
2, 13, 20270791
What are the prime factors of 3412200566?
2, 31, 271, 311, 653
What are the prime factors of 40424324?
2, 19, 47, 11317
What are the prime factors of 91434128?
2, 31, 83, 2221
List the prime factors of 1332349220.
2, 5, 79, 241, 3499
What are the prime factors of 671745943?
11, 2113, 28901
What are the prime factors of 177847524?
2, 3, 19, 260011
List the prime factors of 1282547.
7, 53, 3457
List the prime factors of 11534667.
3, 89, 43201
What are the prime factors of 32717407?
1669, 19603
List the prime factors of 39315538.
2, 19657769
List the prime factors of 282334362.
2, 3, 73, 644599
List the prime factors of 144044458.
2, 72022229
List the prime factors of 183431235.
3, 5, 13, 29, 163, 199
What are the prime factors of 2573950000?
2, 5, 51479
List the prime factors of 47120623.
11, 4283693
What are the prime factors of 409227727?
409227727
List the prime factors of 85327985.
5, 1433, 11909
What are the prime factors of 42982027?
11, 31, 126047
List the prime factors of 2980452149.
401, 631, 11779
What are the prime factors of 624272383?
7, 89181769
What are the prime factors of 577976047?
11, 17, 3090781
List the prime factors of 12637035.
3, 5, 17, 16519
What are the prime factors of 1644827793?
3, 7, 1103, 71011
List the prime factors of 747260731.
7, 23, 663053
List the prime factors of 73952605.
5, 673, 21977
List the prime factors of 701328158.
2, 350664079
List the prime factors of 85044462.
2, 3, 14174077
What are the prime factors of 355354291?
73, 83, 223, 263
List the prime factors of 4431794317.
31, 142961107
What are the prime factors of 11159993?
13, 71, 107, 113
What are the prime factors of 533047513?
533047513
List the prime factors of 273498913.
29, 1741, 5417
List the prime factors of 311493974.
2, 11, 41, 151, 2287
What are the prime factors of 41463239?
41463239
List the prime factors of 500975728.
2, 11, 197, 14449
List the prime factors of 49992041.
11, 23, 197597
List the prime factors of 1485112446.
2, 3, 29, 2845043
List the prime factors of 40610953.
40610953
List the prime factors of 684130185.
3, 5, 37, 136963
What are the prime factors of 4606812370?
2, 5, 23, 870853
List the prime factors of 13799982.
2, 3, 7, 59, 5569
List the prime factors of 20187548.
2, 1753, 2879
What are the prime factors of 54364064?
2, 1698877
What are the prime factors of 23725711?
23725711
List the prime factors of 62553450.
2, 3, 5, 417023
List the prime factors of 13225931.
13225931
What are the prime factors of 55749905?
5, 53, 79, 2663
List the prime factors of 946026560.
2, 5, 457, 6469
What are the prime factors of 346712893?
19, 29, 629243
What are the prime factors of 82811034?
2, 3, 